*3/6 + 69*f**2/2 + f + 31. Is i(24) a multiple of 34?
False
Let l = -98 + 111. Suppose -4*d - l*d = -1530. Does 5 divide d?
True
Let q = 36056 + -18107. Does 93 divide q?
True
Let u = -4734 + 13144. Is u a multiple of 40?
False
Suppose 246400 = 85*t - 199255. Is t a multiple of 32?
False
Suppose -3*l - 24*l + 953491 = 34*l. Is l a multiple of 77?
True
Let o be 2/3 - 5090/30. Let c = o - -307. Suppose -3*a = 2*f - c, -4*a + 0*a = 16. Is f a multiple of 25?
True
Let w(c) = 5*c**2 - 198*c + 331. Does 15 divide w(56)?
False
Suppose 31*b - 4620 = b. Suppose k - 127 = -45. Suppose -v = 1, 4*p + 4*v = k + b. Does 12 divide p?
True
Suppose -83*m - 345 = -80*m. Let p = 8 - m. Does 8 divide p?
False
Let j(a) = 2*a**3 - 4*a**2 - 10*a - 8. Let g(p) = -5*p. Let s(k) = -1. Let u(r) = -g(r) + 5*s(r). Let q be u(2). Is j(q) a multiple of 9?
False
Let w be (6 - 7)/((-1)/9). Let x(f) = -11*f - 7 + 12 + f**3 + 4 - w*f**2. Is 13 a factor of x(11)?
True
Let q(r) = -199*r - 89. Is q(-23) a multiple of 12?
True
Is 16/(480/(-50)) - 26312/(-3) a multiple of 37?
True
Let l be (12/((-240)/70))/(2 + 242/(-120)). Let h(u) = 2*u**3 - 2*u**2 + 4*u - 4. Let d be h(3). Suppose m - 2*s = s + d, 4*m - l = -5*s. Does 5 divide m?
True
Suppose -440366 = -704*i + 835708 - 302442. Does 35 divide i?
False
Let d(o) = 18*o**2 + 8*o + 3. Let q be (3/(-4))/3 - (-2673)/324. Is d(q) a multiple of 23?
True
Let o be 5/2*(3 - (-22)/(-10)). Let p be (-1)/(1/(-94)*o). Suppose -p = -4*a + 145. Is a a multiple of 12?
True
Let s(x) = x + 3. Let a be s(-1). Let c be (5/a)/((-4)/(-8)). Suppose -66 = -c*l + 234. Does 14 divide l?
False
Suppose -5864 = -2*q - 2*o, -4*o = -2*q - o + 5844. Does 53 divide q?
False
Let b(w) = -w**3 - 20*w**2 + 41*w + 80. Let k be b(-25). Suppose -5*u + a + 4*a = -k, u + 2*a - 436 = 0. Does 13 divide u?
False
Suppose 3*c + 12 = -3*y, -35 + 3 = 2*y - 4*c. Does 21 divide 9657/58*y/(-6)?
False
Suppose 4*m - 32620 = 4*r, -5*m = 3*r - 23838 - 16977. Is 51 a factor of m?
True
Let o(p) = -47*p**3 + 28*p**2 - 17*p - 18. Let a(x) = -31*x**3 + 18*x**2 - 11*x - 12. Let u(z) = 8*a(z) - 5*o(z). Is 38 a factor of u(-4)?
False
Does 140 divide ((-40)/(-1))/(-12 + (-25224)/(-2100))?
True
Let u(w) = -w**3 + 64*w**2 + 71*w - 44. Is 15 a factor of u(19)?
True
Let y be -1 - 0 - 4/(-4). Suppose y*x + 6*x = 0. Suppose 40*l - 39*l - 105 = x. Does 21 divide l?
True
Let y = -724 - -708. Is 240 - 1/(2/y) a multiple of 8?
True
Let i be 12 + 3 + (2 - -2). Suppose z - 4*n = -i, -3*z + 0*z = 2*n + 127. Is 10 a factor of ((-1)/(-1))/((-1)/z)?
False
Suppose -20 - 15 = -4*x + 3*u, -x = 2*u + 5. Suppose -g - 602 = -x*o, -4*g = -5*o + 962 - 354. Is o a multiple of 4?
True
Suppose -49*m + 1791 = -2521. Let h = 47 + m. Does 10 divide h?
False
Let w(s) = 32*s**3 - 3*s**2 + 125*s - 1010. Is 50 a factor of w(9)?
True
Suppose 0 = 347*i - 263*i - 1292760. Does 171 divide i?
True
Let c = -213 - -215. Suppose -c*d + 34 - 250 = -2*p, 0 = -2*p + d + 213. Is 3 a factor of p?
True
Suppose -344 = -2*l - 388. Let j = l + 146. Is j a multiple of 31?
True
Let f(z) be the second derivative of -2*z**3/3 - 7*z**2/2 - z - 145. Let v(y) = -7*y**2 - 2*y + 1. Let j be v(1). Does 6 divide f(j)?
False
Let c = 368 + -32. Let v(n) = 3 - 24 - 335*n**3 + 4*n**2 + c*n**3 + 6*n. Does 6 divide v(3)?
True
Suppose -208913*a + 208921*a - 463544 = 0. Does 122 divide a?
False
Suppose 0 = 3*q - 2*r - 22762 - 11416, -2*r + 4 = 0. Is q a multiple of 211?
True
Let k = 65 - 100. Let m be (-259)/k + 4/(-10). Suppose -m*w + 2*w + 140 = 0. Is w a multiple of 28?
True
Suppose -12*o + 10*o + 3998 = 5*v, -2*v = -3*o + 6016. Let l = o - 1359. Is 7 a factor of l?
False
Let l be 6/45 - 387/(-135). Suppose l*x - 5*z = 595 + 178, 0 = -3*x - 4*z + 764. Is x a multiple of 4?
True
Let y be -1*4/(-22) + (-637)/539. Is 27 a factor of y + 275 + -7 + -3 + 6?
True
Let c be (-4)/(-2)*(-8)/(32/(-6)). Suppose -2*n + c*b + 390 = -0*b, 3*b - 378 = -2*n. Is 12 a factor of n?
True
Let t(m) = 3*m + m**3 + 14*m**2 - 5*m**2 - 4*m + 6 + 0*m**2. Suppose 4*y + 19 = w - 20, 2*y = w - 21. Is 14 a factor of t(y)?
False
Suppose 0 = -j - 3*v - 82, j + 2*v + 36 + 43 = 0. Let a = j - -78. Suppose a*t = 2*t + 276. Is 17 a factor of t?
False
Let p = 345 + -273. Is (413 - 1) + p/12 a multiple of 66?
False
Suppose 66*f - 219746 = 131440. Is 5 a factor of f?
False
Let b be 4/(-8)*-66 + 0. Suppose 0 = 24*m - b*m + 1179. Does 13 divide m?
False
Suppose -j - 11788 = -5*h, -60*h + 2*j = -63*h + 7091. Is h a multiple of 121?
False
Suppose 3*r - 30 = w + 2*w, 10 = -3*w - 2*r. Is 3 a factor of (w - 47)*-4 - -5?
False
Let x = -14 + 13. Let g(j) = -62*j**3 - 5 + 3 + 3*j**2 + 0. Is g(x) a multiple of 9?
True
Let i(z) = z**2 + 3*z - 6. Let v be i(2). Suppose -3*x + 4*a = -4454, v*a = 3*x - 8*x + 7370. Suppose x + 216 = 11*r. Is r a multiple of 14?
True
Let b(g) = -g + 3. Let x be b(3). Suppose 0 = -2*i, x*c + 3*i - 3 = -c. Suppose w - 4*p - 22 = -0*p, 5*p = -c*w + 15. Is w a multiple of 10?
True
Let o(v) = -73*v**3 - 5*v**2 - 6*v + 142. Does 17 divide o(-6)?
False
Suppose 9*z - 6829 - 20189 = 0. Does 56 divide z?
False
Suppose 25*i + 2*i - 162 = 0. Suppose i*w = 51*w - 34965. Does 7 divide w?
True
Is 5 a factor of (-5 + 647)*((-13)/(-9) + 16/72)?
True
Suppose 49688 = f + b, 5*f + 81986 = -3*b + 330444. Is f a multiple of 103?
False
Suppose -h + 21389 = 5*v, 2*h - 39018 = 5*v + 3745. Is 36 a factor of h?
True
Let i(t) = -t**3 - 14*t**2 - t + 11. Let j be i(-14). Let p be 15/(-3)*(-10)/j. Is -16*p*1/(-4) + 2 a multiple of 2?
True
Let u be (-404)/(-8) - (-2)/(-4). Let w be 164/6*(3/(-2))/1. Let y = w + u. Does 9 divide y?
True
Let m be ((-2)/4 - 0)*8. Let w(d) be the second derivative of -5*d**3/6 + 5*d**2 - d + 198. Is 5 a factor of w(m)?
True
Let t be -2 + 1/(4/252). Suppose -43 = o - 302. Suppose 0 = -2*v + t + o. Is v a multiple of 32?
True
Let r = -31 + 84. Let h(c) = -c**2 + 11*c + 16. Let u be h(11). Let g = r - u. Does 6 divide g?
False
Let f be ((-4)/(-12))/(4/24). Suppose l + 2*u - 212 = 0, -10*u + 7*u + 420 = f*l. Is l a multiple of 17?
True
Suppose 0 = -414*r + 393*r + 49392. Is 168 a factor of r?
True
Let s(d) = -d**2 + 200*d + 1905. Let a be s(-9). Let w be 1*2 + 19*3. Let h = w - a. Is 14 a factor of h?
False
Suppose f - 7298 = 3*h, 5807 = 2*f - 2*h - 8809. Is 71 a factor of f?
True
Suppose 11*j = -67*j - 138*j + 9166176. Is j a multiple of 9?
False
Let u = -402 + 406. Suppose -u*g + g = 2*q - 1066, 0 = -3*q + 15. Does 11 divide g?
True
Is 179 a factor of ((-18)/(-10))/(57/422180)?
False
Suppose 0 = 2*v - 3*u - 25, 13*v = 8*v + 5*u + 60. Suppose 0 = v*m + 1178 - 11386. Is m a multiple of 45?
False
Suppose 1705*r - 18942 = 1698*r. Is 7 a factor of r?
False
Does 17 divide (17 - -5184)*(-12)/(-14)?
False
Suppose -21*l + 66 = -18. Suppose 3*a - 3976 = l*u, 0 = 4*a + 4*u - 2*u - 5272. Does 22 divide a?
True
Suppose -157*q = -170*q + 3536. Suppose q*y = 269*y + 603. Is y a multiple of 10?
False
Suppose f - k + 79 = 2*f, -3*k = 2*f - 156. Let q = -3803 - -3803. Suppose 3*o - 5*o + s + f = q, -5*o = 2*s - 207. Is 24 a factor of o?
False
Let v(z) be the first derivative of -2*z**3/3 - 77*z**2/2 + 160*z + 48. Does 15 divide v(-38)?
False
Let z be (-1)/((-4)/24) + -1. Suppose -2*r - 195 = -z*r. Suppose -3*q = -2*q - r. Does 9 divide q?
False
Let l = 11351 + -731. Is l a multiple of 59?
True
Let n = 21 - 31. Let o be (9 + n)*(-1 + 0)*0. Suppose -5*i - 4*k + 79 = 0, 0*i + i - 3*k - 31 = o. Does 14 divide i?
False
Let j(c) = -3*c**3 - 10*c**2 + 31*c - 20. Does 17 divide j(-12)?
False
Let u = 4 + -36. Let q = u - -60. Suppose 33*o - 450 = q*o. Is o a multiple of 10?
True
Let v(z) = 4*z**2 - 9*z - 24. Let a be v(-7). Suppose -r + 2*y = -103 - a, 3*r + y - 1007 = 0. Is 16 a factor of r?
True
Let j(d) = d + 300. Does 3 divide j(-22)?
False
Let f = 88 - 82. Is 68 a factor of (-3 - 588/8)*(-16)/f?
True
Let o = 848 + 2010. Suppose 673 - o = -19*v. Does 24 divide v?
False
Let c(u) = -4*u**2 - 101*u - 23. Let g be c(-25). Suppose 5*i = -0*a + 3*a - 116, g*i - 56 = -2*a. Is 4 a factor of a?
True
Let j = 69 + -53. Let y = 108 + j. Does 31 divide y?
True
Let u = 6685 + -2707. Suppose 0 = -149*o + 155*o - u. Is o a multiple of 11?
False
Suppose 2*w - 5 = -1. Suppose -6*l + 7*l - 2*s - 371 = 0, 3*l = -w*s + 1073. S